ulate the remainder when 1275 is divided by 609.
57
What is the remainder when 93475 is divided by 113?
24
What is the remainder when 5225346 is divided by 4322?
48
Calculate the remainder when 1096835 is divided by 548417.
1
What is the remainder when 14314899 is divided by 527?
525
What is the remainder when 1881796 is divided by 1881778?
18
Calculate the remainder when 9935650 is divided by 283875.
25
Calculate the remainder when 153898189 is divided by 59.
52
What is the remainder when 75579 is divided by 1542?
21
What is the remainder when 326860 is divided by 523?
508
Calculate the remainder when 10989061 is divided by 1135.
1126
What is the remainder when 483479 is divided by 53702?
161
What is the remainder when 101821969 is divided by 11204?
17
Calculate the remainder when 1985522086 is divided by 3608.
3606
Calculate the remainder when 611840 is divided by 29.
27
What is the remainder when 99543187 is divided by 2543?
2538
Calculate the remainder when 72738874 is divided by 123.
118
What is the remainder when 814320 is divided by 2823?
1296
Calculate the remainder when 79080600 is divided by 9885074.
8
Calculate the remainder when 18082687 is divided by 46.
41
What is the remainder when 150297 is divided by 176?
169
What is the remainder when 79134877 is divided by 21?
10
Calculate the remainder when 349720743 is divided by 1150.
1143
Calculate the remainder when 154302 is divided by 752.
142
Calculate the remainder when 41410 is divided by 9061.
5166
What is the remainder when 281215 is divided by 128?
127
What is the remainder when 24002006 is divided by 110?
6
What is the remainder when 1590003 is divided by 550?
503
Calculate the remainder when 986259 is divided by 164324.
315
Calculate the remainder when 17343066 is divided by 17343065.
1
Calculate the remainder when 787852 is divided by 5083.
5070
What is the remainder when 15689542 is divided by 89?
88
What is the remainder when 9697497 is divided by 2530?
7
Calculate the remainder when 2132996 is divided by 23.
22
What is the remainder when 1986137 is divided by 2434?
2427
Calculate the remainder when 9208672 is divided by 1534761.
106
What is the remainder when 79263 is divided by 198?
63
What is the remainder when 6569300 is divided by 1642320?
20
Calculate the remainder when 1329892 is divided by 135.
7
Calculate the remainder when 23511 is divided by 3776.
855
What is the remainder when 5481511 is divided by 1379?
1365
Calculate the remainder when 74008 is divided by 12256.
472
Calculate the remainder when 1423975 is divided by 61841.
1632
What is the remainder when 945415 is divided by 917?
905
What is the remainder when 432114 is divided by 215977?
160
Calculate the remainder when 150465264 is divided by 702.
690
What is the remainder when 145921 is divided by 12107?
637
Calculate the remainder when 246721154 is divided by 114.
74
Calculate the remainder when 126057 is divided by 2446.
1311
Calculate the remainder when 6630 is divided by 4024.
2606
What is the remainder when 563260 is divided by 59?
46
What is the remainder when 19489 is divided by 606?
97
What is the remainder when 151599 is divided by 13574?
2285
What is the remainder when 211064289 is divided by 6774?
6771
What is the remainder when 22791859 is divided by 3145?
44
Calculate the remainder when 70722 is divided by 1879.
1199
What is the remainder when 23071690 is divided by 108?
82
What is the remainder when 8145271 is divided by 111?
91
What is the remainder when 88649807 is divided by 830?
827
Calculate the remainder when 5127638 is divided by 42730.
38
Calculate the remainder when 246553 is divided by 12962.
275
Calculate the remainder when 45124 is divided by 920.
44
Calculate the remainder when 1376127 is divided by 289.
198
What is the remainder when 7077 is divided by 3534?
9
What is the remainder when 287761184 is divided by 95920394?
2
What is the remainder when 8865164 is divided by 312?
308
What is the remainder when 5453769 is divided by 1363424?
73
Calculate the remainder when 1382612 is divided by 22.
0
What is the remainder when 924398 is divided by 92367?
728
What is the remainder when 33034 is divided by 496?
298
Calculate the remainder when 534584 is divided by 5240.
104
What is the remainder when 458236 is divided by 107?
62
What is the remainder when 31174531 is divided by 1295?
1291
What is the remainder when 1834018 is divided by 611299?
121
Calculate the remainder when 4950371 is divided by 67.
9
What is the remainder when 9733083 is divided by 670?
663
What is the remainder when 216317 is divided by 24027?
74
What is the remainder when 362203 is divided by 362201?
2
Calculate the remainder when 8207035 is divided by 1172392.
291
What is the remainder when 657627 is divided by 164308?
395
What is the remainder when 1787644115 is divided by 2107?
2105
Calculate the remainder when 25103750 is divided by 117.
113
Calculate the remainder when 34738 is divided by 1735.
38
Calculate the remainder when 39553617 is divided by 283.
122
Calculate the remainder when 6814729 is divided by 97.
91
What is the remainder when 7656618 is divided by 1580?
1518
Calculate the remainder when 3843724 is divided by 22.
16
Calculate the remainder when 232803 is divided by 13683.
192
Calculate the remainder when 664933 is divided by 443.
433
Calculate the remainder when 1209755 is divided by 14230.
205
Calculate the remainder when 1001770 is divided by 1180.
1130
What is the remainder when 719693 is divided by 15?
8
What is the remainder when 902265 is divided by 152?
145
What is the remainder when 21587 is divided by 3424?
1043
What is the remainder when 33584215 is divided by 1832?
1823
Calculate the remainder when 8420505 is divided by 96786.
123
Calculate the remainder when 489751 is divided by 192.
151
Calculate the remainder when 7093 is divided by 427.
261
Calculate the remainder when 97843 is divided by 3034.
755
What is the remainder when 341460 is divided by 5586?
714
Calculate the remainder when 7968694 is divided by 712.
702
Calculate the remainder when 1182228 is divided by 393271.
2415
What is the remainder when 105615 is divided by 17473?
777
Calculate the remainder when 1319009 is divided by 110.
109
Calculate the remainder when 15233747 is divided by 625.
622
Calculate the remainder when 631458 is divided by 602.
562
Calculate the remainder when 114099 is divided by 38020.
39
What is the remainder when 17671267 is divided by 15?
7
What is the remainder when 19370544 is divided by 56?
32
Calculate the remainder when 581623 is divided by 375.
373
What is the remainder when 757907 is divided by 15155?
157
What is the remainder when 7288254 is divided by 89?
44
Calculate the remainder when 40063883 is divided by 328.
323
Calculate the remainder when 1541119 is divided by 14.
13
Calculate the remainder when 6056400 is divided by 1009391.
54
What is the remainder when 103576 is divided by 14677?
837
What is the remainder when 308374 is divided by 61186?
2444
Calculate the remainder when 581644 is divided by 6679.
571
What is the remainder when 18399504 is divided by 18399501?
3
What is the remainder when 2413002 is divided by 742?
18
Calculate the remainder when 67745645 is divided by 2323.
2319
What is the remainder when 1250221101 is divided by 11?
8
Calculate the remainder when 1469669 is divided by 1688.
1109
Calculate the remainder when 5815182 is divided by 17.
9
What is the remainder when 52263663 is divided by 13065910?
23
Calculate the remainder when 233360 is divided by 21204.
116
What is the remainder when 16023772 is divided by 46?
40
Calculate the remainder when 6066107 is divided by 1429.
2
Calculate the remainder when 101524 is divided by 2841.
2089
Calculate the remainder when 2394210 is divided by 282.
30
What is the remainder when 2387483 is divided by 364?
7
What is the remainder when 12522006 is divided by 424?
14
Calculate the remainder when 90374259 is divided by 17.
15
Calculate the remainder when 814164 is divided by 7861.
4481
Calculate the remainder when 1060816 is divided by 353553.
157
What is the remainder when 542577 is divided by 271281?
15
What is the remainder when 612112 is divided by 4780?
272
What is the remainder when 171112 is divided by 56927?
331
Ca